[INFO] cloning repository https://github.com/shekohex/kontakt-server
[INFO] running `Command { std: "git" "-c" "credential.helper=" "-c" "credential.helper=/workspace/cargo-home/bin/git-credential-null" "clone" "--bare" "https://github.com/shekohex/kontakt-server" "/workspace/cache/git-repos/https%3A%2F%2Fgithub.com%2Fshekohex%2Fkontakt-server", kill_on_drop: false }`
[INFO] [stderr] Cloning into bare repository '/workspace/cache/git-repos/https%3A%2F%2Fgithub.com%2Fshekohex%2Fkontakt-server'...
[INFO] running `Command { std: "git" "rev-parse" "HEAD", kill_on_drop: false }`
[INFO] [stdout] b68b1dfa024ad46887f3cbe8fbedc25db2f48834
[INFO] checking shekohex/kontakt-server against try#72f88fc4e9458f89516a0b8b0868f3718aec5b47 for pr-74989
[INFO] running `Command { std: "git" "clone" "/workspace/cache/git-repos/https%3A%2F%2Fgithub.com%2Fshekohex%2Fkontakt-server" "/workspace/builds/worker-5/source", kill_on_drop: false }`
[INFO] [stderr] Cloning into '/workspace/builds/worker-5/source'...
[INFO] [stderr] done.
[INFO] validating manifest of git repo https://github.com/shekohex/kontakt-server on toolchain 72f88fc4e9458f89516a0b8b0868f3718aec5b47
[INFO] running `Command { std: "/workspace/cargo-home/bin/cargo" "+72f88fc4e9458f89516a0b8b0868f3718aec5b47" "read-manifest" "--manifest-path" "Cargo.toml", kill_on_drop: false }`
[INFO] removed /workspace/builds/worker-5/source/.cargo/config
[INFO] started tweaking git repo https://github.com/shekohex/kontakt-server
[INFO] finished tweaking git repo https://github.com/shekohex/kontakt-server
[INFO] tweaked toml for git repo https://github.com/shekohex/kontakt-server written to /workspace/builds/worker-5/source/Cargo.toml
[INFO] crate git repo https://github.com/shekohex/kontakt-server already has a lockfile, it will not be regenerated
[INFO] running `Command { std: "/workspace/cargo-home/bin/cargo" "+72f88fc4e9458f89516a0b8b0868f3718aec5b47" "fetch" "--locked" "--manifest-path" "Cargo.toml", kill_on_drop: false }`
[INFO] [stderr] warning: the cargo feature `edition` is now stable and is no longer necessary to be listed in the manifest
[INFO] [stderr]     Blocking waiting for file lock on package cache
[INFO] [stderr]  Downloading crates ...
[INFO] [stderr]   Downloaded json v0.11.13
[INFO] [stderr]   Downloaded grpcio-compiler v0.3.0
[INFO] [stderr]   Downloaded colored v1.6.1
[INFO] [stderr]   Downloaded cmake v0.1.32
[INFO] [stderr]   Downloaded protobuf-codegen v2.0.4
[INFO] [stderr]   Downloaded grpcio v0.3.0
[INFO] [stderr]   Downloaded protobuf v2.0.4
[INFO] [stderr]   Downloaded protoc-grpcio v0.2.0
[INFO] [stderr]   Downloaded mktemp v0.3.1
[INFO] [stderr]   Downloaded protoc v2.0.4
[INFO] [stderr]   Downloaded grpcio-sys v0.2.3
[INFO] running `Command { std: "docker" "create" "-v" "/var/lib/crater-agent-workspace/builds/worker-5/target:/opt/rustwide/target:rw,Z" "-v" "/var/lib/crater-agent-workspace/builds/worker-5/source:/opt/rustwide/workdir:ro,Z" "-v" "/var/lib/crater-agent-workspace/cargo-home:/opt/rustwide/cargo-home:ro,Z" "-v" "/var/lib/crater-agent-workspace/rustup-home:/opt/rustwide/rustup-home:ro,Z" "-e" "SOURCE_DIR=/opt/rustwide/workdir" "-e" "CARGO_TARGET_DIR=/opt/rustwide/target" "-e" "CARGO_HOME=/opt/rustwide/cargo-home" "-e" "RUSTUP_HOME=/opt/rustwide/rustup-home" "-w" "/opt/rustwide/workdir" "-m" "1610612736" "--user" "0:0" "--network" "none" "rustops/crates-build-env@sha256:d92eaeed33fa75130ca1ee6c8a01d1ffb62bac859dfdfb3450e3e5d1c0146529" "/opt/rustwide/cargo-home/bin/cargo" "+72f88fc4e9458f89516a0b8b0868f3718aec5b47" "metadata" "--no-deps" "--format-version=1", kill_on_drop: false }`
[INFO] [stdout] b0cba4618b6995048e69c37800d17a15418be20dde08f05e08271726b58b35d5
[INFO] [stderr] WARNING: Your kernel does not support swap limit capabilities or the cgroup is not mounted. Memory limited without swap.
[INFO] running `Command { std: "docker" "start" "-a" "b0cba4618b6995048e69c37800d17a15418be20dde08f05e08271726b58b35d5", kill_on_drop: false }`
[INFO] running `Command { std: "docker" "inspect" "b0cba4618b6995048e69c37800d17a15418be20dde08f05e08271726b58b35d5", kill_on_drop: false }`
[INFO] running `Command { std: "docker" "rm" "-f" "b0cba4618b6995048e69c37800d17a15418be20dde08f05e08271726b58b35d5", kill_on_drop: false }`
[INFO] [stdout] b0cba4618b6995048e69c37800d17a15418be20dde08f05e08271726b58b35d5
[INFO] running `Command { std: "docker" "create" "-v" "/var/lib/crater-agent-workspace/builds/worker-5/target:/opt/rustwide/target:rw,Z" "-v" "/var/lib/crater-agent-workspace/builds/worker-5/source:/opt/rustwide/workdir:ro,Z" "-v" "/var/lib/crater-agent-workspace/cargo-home:/opt/rustwide/cargo-home:ro,Z" "-v" "/var/lib/crater-agent-workspace/rustup-home:/opt/rustwide/rustup-home:ro,Z" "-e" "SOURCE_DIR=/opt/rustwide/workdir" "-e" "CARGO_TARGET_DIR=/opt/rustwide/target" "-e" "CARGO_INCREMENTAL=0" "-e" "RUST_BACKTRACE=full" "-e" "RUSTFLAGS=--cap-lints=forbid" "-e" "CARGO_HOME=/opt/rustwide/cargo-home" "-e" "RUSTUP_HOME=/opt/rustwide/rustup-home" "-w" "/opt/rustwide/workdir" "-m" "1610612736" "--user" "0:0" "--network" "none" "rustops/crates-build-env@sha256:d92eaeed33fa75130ca1ee6c8a01d1ffb62bac859dfdfb3450e3e5d1c0146529" "/opt/rustwide/cargo-home/bin/cargo" "+72f88fc4e9458f89516a0b8b0868f3718aec5b47" "check" "--frozen" "--all" "--all-targets" "--message-format=json", kill_on_drop: false }`
[INFO] [stdout] 8637ec1d45c6de5fa81559c26c1d2101391d77ca8b06c19fc46e77e01932ed5b
[INFO] [stderr] WARNING: Your kernel does not support swap limit capabilities or the cgroup is not mounted. Memory limited without swap.
[INFO] running `Command { std: "docker" "start" "-a" "8637ec1d45c6de5fa81559c26c1d2101391d77ca8b06c19fc46e77e01932ed5b", kill_on_drop: false }`
[INFO] [stderr] warning: the cargo feature `edition` is now stable and is no longer necessary to be listed in the manifest
[INFO] [stderr]     Checking libc v0.2.43
[INFO] [stderr]    Compiling unicode-xid v0.1.0
[INFO] [stderr]    Compiling protobuf v2.0.4
[INFO] [stderr]    Compiling failure_derive v0.1.2
[INFO] [stderr]    Compiling rustc-serialize v0.3.24
[INFO] [stderr]    Compiling rustc-demangle v0.1.9
[INFO] [stderr]     Checking void v1.0.2
[INFO] [stderr]    Compiling regex v1.0.2
[INFO] [stderr]     Checking ucd-util v0.1.1
[INFO] [stderr]     Checking utf8-ranges v1.0.0
[INFO] [stderr]     Checking quick-error v1.2.2
[INFO] [stderr]     Checking termcolor v1.0.1
[INFO] [stderr]     Checking itoa v0.4.2
[INFO] [stderr]     Checking dtoa v0.4.3
[INFO] [stderr]     Checking futures v0.1.23
[INFO] [stderr]    Compiling backtrace-sys v0.1.23
[INFO] [stderr]    Compiling rand v0.4.2
[INFO] [stderr]    Compiling cmake v0.1.32
[INFO] [stderr]    Compiling log v0.4.3
[INFO] [stderr]    Compiling proc-macro2 v0.4.9
[INFO] [stderr]     Checking unreachable v1.0.0
[INFO] [stderr]     Checking regex-syntax v0.6.2
[INFO] [stderr]     Checking humantime v1.1.1
[INFO] [stderr]     Checking serde_json v1.0.24
[INFO] [stderr]     Checking toml v0.4.6
[INFO] [stderr]     Checking thread_local v0.3.5
[INFO] [stderr]     Checking colored v1.6.1
[INFO] [stderr]     Checking log v0.3.9
[INFO] [stderr]    Compiling protoc v2.0.4
[INFO] [stderr]     Checking memchr v2.0.1
[INFO] [stderr]     Checking atty v0.2.11
[INFO] [stderr]    Compiling quote v0.6.5
[INFO] [stderr]    Compiling grpcio-sys v0.2.3
[INFO] [stderr]     Checking aho-corasick v0.6.6
[INFO] [stderr]    Compiling syn v0.14.7
[INFO] [stderr]    Compiling rand v0.3.22
[INFO] [stderr]    Compiling backtrace v0.3.9
[INFO] [stderr]    Compiling uuid v0.1.18
[INFO] [stderr]    Compiling mktemp v0.3.1
[INFO] [stderr]     Checking env_logger v0.5.12
[INFO] [stderr]    Compiling synstructure v0.9.0
[INFO] [stderr]    Compiling protobuf-codegen v2.0.4
[INFO] [stderr]    Compiling serde_derive v1.0.71
[INFO] [stderr]    Compiling grpcio-compiler v0.3.0
[INFO] [stderr]    Compiling failure v0.1.2
[INFO] [stderr]    Compiling protoc-grpcio v0.2.0
[INFO] [stderr]    Compiling kontakt-server v0.1.0 (/opt/rustwide/workdir)
[INFO] [stdout] warning[E0705]: the feature `rust_2018_preview` is included in the Rust 2018 edition
[INFO] [stdout]  --> build.rs:1:12
[INFO] [stdout]   |
[INFO] [stdout] 1 | #![feature(rust_2018_preview, use_extern_macros)]
[INFO] [stdout]   |            ^^^^^^^^^^^^^^^^^
[INFO] [stdout] 
[INFO] [stdout] 
[INFO] [stdout] warning: the feature `use_extern_macros` has been stable since 1.30.0 and no longer requires an attribute to enable
[INFO] [stdout]  --> build.rs:1:31
[INFO] [stdout]   |
[INFO] [stdout] 1 | #![feature(rust_2018_preview, use_extern_macros)]
[INFO] [stdout]   |                               ^^^^^^^^^^^^^^^^^
[INFO] [stdout]   |
[INFO] [stdout]   = note: `#[warn(stable_features)]` on by default
[INFO] [stdout] 
[INFO] [stdout] 
[INFO] [stdout] warning: 2 warnings emitted
[INFO] [stdout] 
[INFO] [stdout] 
[INFO] [stdout] For more information about this error, try `rustc --explain E0705`.
[INFO] [stdout] 
[INFO] [stderr] error: failed to run custom build command for `kontakt-server v0.1.0 (/opt/rustwide/workdir)`
[INFO] [stderr] 
[INFO] [stderr] Caused by:
[INFO] [stderr]   process didn't exit successfully: `/opt/rustwide/target/debug/build/kontakt-server-aa2cde415e8fc6f5/build-script-build` (exit code: 101)
[INFO] [stderr]   --- stdout
[INFO] [stderr]   Start Compiling Protos
[INFO] [stderr]   cargo:rerun-if-changed=protos/main.proto
[INFO] [stderr] 
[INFO] [stderr]   --- stderr
[INFO] [stderr]   thread 'main' panicked at 'Failed to compile gRPC definitions!: Os { code: 30, kind: Other, message: "Read-only file system" }
[INFO] [stderr] 
[INFO] [stderr]   stack backtrace:
[INFO] [stderr]      0:     0x55ea930e52e3 - backtrace::backtrace::libunwind::trace::h63a7d24168d5d4fd
[INFO] [stderr]                           at /opt/rustwide/cargo-home/registry/src/github.com-1ecc6299db9ec823/backtrace-0.3.9/src/backtrace/libunwind.rs:53
[INFO] [stderr]                            - backtrace::backtrace::trace::hf85ce6a8b5a7bae7
[INFO] [stderr]                           at /opt/rustwide/cargo-home/registry/src/github.com-1ecc6299db9ec823/backtrace-0.3.9/src/backtrace/mod.rs:42
[INFO] [stderr]      1:     0x55ea930e2163 - backtrace::capture::Backtrace::new_unresolved::h36dd7e57d11020c4
[INFO] [stderr]                           at /opt/rustwide/cargo-home/registry/src/github.com-1ecc6299db9ec823/backtrace-0.3.9/src/capture.rs:88
[INFO] [stderr]      2:     0x55ea930e120d - failure::backtrace::internal::InternalBacktrace::new::h06c77029b743cd47
[INFO] [stderr]                           at /opt/rustwide/cargo-home/registry/src/github.com-1ecc6299db9ec823/failure-0.1.2/src/backtrace/internal.rs:44
[INFO] [stderr]      3:     0x55ea930dfc0c - failure::backtrace::Backtrace::new::h85128bc3e549ff91
[INFO] [stderr]                           at /opt/rustwide/cargo-home/registry/src/github.com-1ecc6299db9ec823/failure-0.1.2/src/backtrace/mod.rs:111
[INFO] [stderr]      4:     0x55ea930ad8fb - <failure::error::error_impl::ErrorImpl as core::convert::From<F>>::from::h0bf04249eae4a941
[INFO] [stderr]                           at /opt/rustwide/cargo-home/registry/src/github.com-1ecc6299db9ec823/failure-0.1.2/src/error/error_impl.rs:20
[INFO] [stderr]      5:     0x55ea930af15e - <failure::error::Error as core::convert::From<F>>::from::h82b49437bdc959fa
[INFO] [stderr]                           at /opt/rustwide/cargo-home/registry/src/github.com-1ecc6299db9ec823/failure-0.1.2/src/error/mod.rs:36
[INFO] [stderr]      6:     0x55ea930a5fee - <T as core::convert::Into<U>>::into::h4a80d88e206fafab
[INFO] [stderr]                           at /rustc/72f88fc4e9458f89516a0b8b0868f3718aec5b47/library/core/src/convert/mod.rs:545
[INFO] [stderr]      7:     0x55ea930a599d - failure::context::Context<D>::with_err::ha59f5465a24b849e
[INFO] [stderr]                           at /opt/rustwide/cargo-home/registry/src/github.com-1ecc6299db9ec823/failure-0.1.2/src/context.rs:78
[INFO] [stderr]      8:     0x55ea930a64d5 - failure::Fail::context::h33630a1ec2dbab51
[INFO] [stderr]                           at /opt/rustwide/cargo-home/registry/src/github.com-1ecc6299db9ec823/failure-0.1.2/src/lib.rs:148
[INFO] [stderr]      9:     0x55ea930a5125 - <core::result::Result<T,E> as failure::result_ext::ResultExt<T,E>>::context::{{closure}}::h90e1bf9338d3d521
[INFO] [stderr]                           at /opt/rustwide/cargo-home/registry/src/github.com-1ecc6299db9ec823/failure-0.1.2/src/result_ext.rs:164
[INFO] [stderr]     10:     0x55ea930ac10e - core::result::Result<T,E>::map_err::he3daba6be80e4673
[INFO] [stderr]                           at /rustc/72f88fc4e9458f89516a0b8b0868f3718aec5b47/library/core/src/result.rs:595
[INFO] [stderr]     11:     0x55ea930ac5ed - <core::result::Result<T,E> as failure::result_ext::ResultExt<T,E>>::context::h42a7c4a997f97b52
[INFO] [stderr]                           at /opt/rustwide/cargo-home/registry/src/github.com-1ecc6299db9ec823/failure-0.1.2/src/result_ext.rs:164
[INFO] [stderr]     12:     0x55ea930a2a15 - protoc_grpcio::write_out_generated_files::h30dd7ca6bd6f3f74
[INFO] [stderr]                           at /opt/rustwide/cargo-home/registry/src/github.com-1ecc6299db9ec823/protoc-grpcio-0.2.0/src/lib.rs:91
[INFO] [stderr]     13:     0x55ea930a2048 - protoc_grpcio::compile_grpc_protos::heec4679194cb74e1
[INFO] [stderr]                           at /opt/rustwide/cargo-home/registry/src/github.com-1ecc6299db9ec823/protoc-grpcio-0.2.0/src/lib.rs:256
[INFO] [stderr]     14:     0x55ea930ae674 - build_script_build::main::h99bb66dc2f586417
[INFO] [stderr]                           at /opt/rustwide/workdir/build.rs:9
[INFO] [stderr]     15:     0x55ea930a41ea - core::ops::function::FnOnce::call_once::h9835b338e2da578b
[INFO] [stderr]                           at /rustc/72f88fc4e9458f89516a0b8b0868f3718aec5b47/library/core/src/ops/function.rs:227
[INFO] [stderr]     16:     0x55ea930a72fd - std::sys_common::backtrace::__rust_begin_short_backtrace::h2db63eaff7c85e7b
[INFO] [stderr]                           at /rustc/72f88fc4e9458f89516a0b8b0868f3718aec5b47/library/std/src/sys_common/backtrace.rs:137
[INFO] [stderr]     17:     0x55ea930ae760 - std::rt::lang_start::{{closure}}::h8691dfdda6179bcc
[INFO] [stderr]                           at /rustc/72f88fc4e9458f89516a0b8b0868f3718aec5b47/library/std/src/rt.rs:66
[INFO] [stderr]     18:     0x55ea93358d60 - core::ops::function::impls::<impl core::ops::function::FnOnce<A> for &F>::call_once::hecc21eb9018cc197
[INFO] [stderr]                           at /rustc/72f88fc4e9458f89516a0b8b0868f3718aec5b47/library/core/src/ops/function.rs:259
[INFO] [stderr]                            - std::panicking::try::do_call::h174ad655d084b5c7
[INFO] [stderr]                           at library/std/src/panicking.rs:381
[INFO] [stderr]                            - std::panicking::try::h479e6054ce28de10
[INFO] [stderr]                           at library/std/src/panicking.rs:345
[INFO] [stderr]                            - std::panic::catch_unwind::hb558ddea2b3e9c45
[INFO] [stderr]                           at library/std/src/panic.rs:382
[INFO] [stderr]                            - std::rt::lang_start_internal::h163149047f0a8b61
[INFO] [stderr]                           at library/std/src/rt.rs:51
[INFO] [stderr]     19:     0x55ea930ae736 - std::rt::lang_start::h6746736cba814538
[INFO] [stderr]                           at /rustc/72f88fc4e9458f89516a0b8b0868f3718aec5b47/library/std/src/rt.rs:65
[INFO] [stderr]     20:     0x55ea930ae6e9 - main
[INFO] [stderr]     21:     0x7f05b4c140b2 - __libc_start_main
[INFO] [stderr]     22:     0x55ea9309d1ad - _start
[INFO] [stderr]     23:                0x0 - <unknown>
[INFO] [stderr] 
[INFO] [stderr]   failed to create "protos/main_grpc.rs"
[INFO] [stderr] 
[INFO] [stderr]   failed to write generated grpc definitions', build.rs:10:10
[INFO] [stderr]   stack backtrace:
[INFO] [stderr]      0:     0x55ea93355da0 - std::backtrace_rs::backtrace::libunwind::trace::h452faf99f32e7c93
[INFO] [stderr]                                  at /rustc/72f88fc4e9458f89516a0b8b0868f3718aec5b47/library/std/src/../../backtrace/src/backtrace/libunwind.rs:96
[INFO] [stderr]      1:     0x55ea93355da0 - std::backtrace_rs::backtrace::trace_unsynchronized::he40edc71437667a1
[INFO] [stderr]                                  at /rustc/72f88fc4e9458f89516a0b8b0868f3718aec5b47/library/std/src/../../backtrace/src/backtrace/mod.rs:66
[INFO] [stderr]      2:     0x55ea93355da0 - std::sys_common::backtrace::_print_fmt::h6c51d6ade71f46bf
[INFO] [stderr]                                  at /rustc/72f88fc4e9458f89516a0b8b0868f3718aec5b47/library/std/src/sys_common/backtrace.rs:79
[INFO] [stderr]      3:     0x55ea93355da0 - <std::sys_common::backtrace::_print::DisplayBacktrace as core::fmt::Display>::fmt::h3cd15d7003dec37a
[INFO] [stderr]                                  at /rustc/72f88fc4e9458f89516a0b8b0868f3718aec5b47/library/std/src/sys_common/backtrace.rs:58
[INFO] [stderr]      4:     0x55ea9337b44c - core::fmt::write::h1857a60b204f1b6a
[INFO] [stderr]                                  at /rustc/72f88fc4e9458f89516a0b8b0868f3718aec5b47/library/core/src/fmt/mod.rs:1080
[INFO] [stderr]      5:     0x55ea93353267 - std::io::Write::write_fmt::hac61caff894c35ae
[INFO] [stderr]                                  at /rustc/72f88fc4e9458f89516a0b8b0868f3718aec5b47/library/std/src/io/mod.rs:1517
[INFO] [stderr]      6:     0x55ea93358300 - std::sys_common::backtrace::_print::haa2f390fb7957e3e
[INFO] [stderr]                                  at /rustc/72f88fc4e9458f89516a0b8b0868f3718aec5b47/library/std/src/sys_common/backtrace.rs:61
[INFO] [stderr]      7:     0x55ea93358300 - std::sys_common::backtrace::print::h48c7cbbad9013bb1
[INFO] [stderr]                                  at /rustc/72f88fc4e9458f89516a0b8b0868f3718aec5b47/library/std/src/sys_common/backtrace.rs:48
[INFO] [stderr]      8:     0x55ea93358300 - std::panicking::default_hook::{{closure}}::h8b7ff05a31e71d55
[INFO] [stderr]                                  at /rustc/72f88fc4e9458f89516a0b8b0868f3718aec5b47/library/std/src/panicking.rs:208
[INFO] [stderr]      9:     0x55ea9335804c - std::panicking::default_hook::h2f00c78800d98e4c
[INFO] [stderr]                                  at /rustc/72f88fc4e9458f89516a0b8b0868f3718aec5b47/library/std/src/panicking.rs:227
[INFO] [stderr]     10:     0x55ea93358963 - std::panicking::rust_panic_with_hook::h4eaa635e4694aef3
[INFO] [stderr]                                  at /rustc/72f88fc4e9458f89516a0b8b0868f3718aec5b47/library/std/src/panicking.rs:577
[INFO] [stderr]     11:     0x55ea93358539 - std::panicking::begin_panic_handler::{{closure}}::hec242f1b136b5ff2
[INFO] [stderr]                                  at /rustc/72f88fc4e9458f89516a0b8b0868f3718aec5b47/library/std/src/panicking.rs:484
[INFO] [stderr]     12:     0x55ea9335620c - std::sys_common::backtrace::__rust_end_short_backtrace::h1f3cc383ee6c0374
[INFO] [stderr]                                  at /rustc/72f88fc4e9458f89516a0b8b0868f3718aec5b47/library/std/src/sys_common/backtrace.rs:153
[INFO] [stderr]     13:     0x55ea933584f9 - rust_begin_unwind
[INFO] [stderr]                                  at /rustc/72f88fc4e9458f89516a0b8b0868f3718aec5b47/library/std/src/panicking.rs:483
[INFO] [stderr]     14:     0x55ea93379321 - core::panicking::panic_fmt::hb15d6f55e8472f62
[INFO] [stderr]                                  at /rustc/72f88fc4e9458f89516a0b8b0868f3718aec5b47/library/core/src/panicking.rs:85
[INFO] [stderr]     15:     0x55ea93379143 - core::option::expect_none_failed::he492a18657d97593
[INFO] [stderr]                                  at /rustc/72f88fc4e9458f89516a0b8b0868f3718aec5b47/library/core/src/option.rs:1221
[INFO] [stderr]     16:     0x55ea930ab881 - core::result::Result<T,E>::expect::hfacad2616d86109d
[INFO] [stderr]                                  at /rustc/72f88fc4e9458f89516a0b8b0868f3718aec5b47/library/core/src/result.rs:933
[INFO] [stderr]     17:     0x55ea930ae6af - build_script_build::main::h99bb66dc2f586417
[INFO] [stderr]                                  at /opt/rustwide/workdir/build.rs:9
[INFO] [stderr]     18:     0x55ea930a41eb - core::ops::function::FnOnce::call_once::h9835b338e2da578b
[INFO] [stderr]                                  at /rustc/72f88fc4e9458f89516a0b8b0868f3718aec5b47/library/core/src/ops/function.rs:227
[INFO] [stderr]     19:     0x55ea930a72fe - std::sys_common::backtrace::__rust_begin_short_backtrace::h2db63eaff7c85e7b
[INFO] [stderr]                                  at /rustc/72f88fc4e9458f89516a0b8b0868f3718aec5b47/library/std/src/sys_common/backtrace.rs:137
[INFO] [stderr]     20:     0x55ea930ae761 - std::rt::lang_start::{{closure}}::h8691dfdda6179bcc
[INFO] [stderr]                                  at /rustc/72f88fc4e9458f89516a0b8b0868f3718aec5b47/library/std/src/rt.rs:66
[INFO] [stderr]     21:     0x55ea93358d61 - core::ops::function::impls::<impl core::ops::function::FnOnce<A> for &F>::call_once::hecc21eb9018cc197
[INFO] [stderr]                                  at /rustc/72f88fc4e9458f89516a0b8b0868f3718aec5b47/library/core/src/ops/function.rs:259
[INFO] [stderr]     22:     0x55ea93358d61 - std::panicking::try::do_call::h174ad655d084b5c7
[INFO] [stderr]                                  at /rustc/72f88fc4e9458f89516a0b8b0868f3718aec5b47/library/std/src/panicking.rs:381
[INFO] [stderr]     23:     0x55ea93358d61 - std::panicking::try::h479e6054ce28de10
[INFO] [stderr]                                  at /rustc/72f88fc4e9458f89516a0b8b0868f3718aec5b47/library/std/src/panicking.rs:345
[INFO] [stderr]     24:     0x55ea93358d61 - std::panic::catch_unwind::hb558ddea2b3e9c45
[INFO] [stderr]                                  at /rustc/72f88fc4e9458f89516a0b8b0868f3718aec5b47/library/std/src/panic.rs:382
[INFO] [stderr]     25:     0x55ea93358d61 - std::rt::lang_start_internal::h163149047f0a8b61
[INFO] [stderr]                                  at /rustc/72f88fc4e9458f89516a0b8b0868f3718aec5b47/library/std/src/rt.rs:51
[INFO] [stderr]     26:     0x55ea930ae737 - std::rt::lang_start::h6746736cba814538
[INFO] [stderr]                                  at /rustc/72f88fc4e9458f89516a0b8b0868f3718aec5b47/library/std/src/rt.rs:65
[INFO] [stderr]     27:     0x55ea930ae6ea - main
[INFO] [stderr]     28:     0x7f05b4c140b3 - __libc_start_main
[INFO] [stderr]     29:     0x55ea9309d1ae - _start
[INFO] [stderr]     30:                0x0 - <unknown>
[INFO] [stderr] warning: build failed, waiting for other jobs to finish...
[INFO] [stderr] error: build failed
[INFO] running `Command { std: "docker" "inspect" "8637ec1d45c6de5fa81559c26c1d2101391d77ca8b06c19fc46e77e01932ed5b", kill_on_drop: false }`
[INFO] running `Command { std: "docker" "rm" "-f" "8637ec1d45c6de5fa81559c26c1d2101391d77ca8b06c19fc46e77e01932ed5b", kill_on_drop: false }`
[INFO] [stdout] 8637ec1d45c6de5fa81559c26c1d2101391d77ca8b06c19fc46e77e01932ed5b
